{"id":182,"date":"2024-06-13T14:01:16","date_gmt":"2024-06-13T12:01:16","guid":{"rendered":"https:\/\/xn--mtterpflegerin-schwerin-cpc.de\/?page_id=182"},"modified":"2024-06-26T14:15:04","modified_gmt":"2024-06-26T12:15:04","slug":"leistungen","status":"publish","type":"page","link":"https:\/\/stage.muetterpflegerin-schwerin.de\/?page_id=182","title":{"rendered":"Leistungen"},"content":{"rendered":"\t\t<div data-elementor-type=\"wp-page\" data-elementor-id=\"182\" class=\"elementor elementor-182\" data-elementor-post-type=\"page\">\n\t\t\t\t<div class=\"elementor-element elementor-element-32662c9d e-con-full e-flex e-con e-parent\" data-id=\"32662c9d\" data-element_type=\"container\" data-settings=\"{&quot;background_background&quot;:&quot;classic&quot;}\">\n\t\t\t\t<div class=\"elementor-element elementor-element-6630f80b elementor-widget elementor-widget-heading\" data-id=\"6630f80b\" data-element_type=\"widget\" data-widget_type=\"heading.default\">\n\t\t\t\t<div class=\"elementor-widget-container\">\n\t\t\t<style>\/*! elementor - v3.22.0 - 17-06-2024 *\/\n.elementor-heading-title{padding:0;margin:0;line-height:1}.elementor-widget-heading .elementor-heading-title[class*=elementor-size-]>a{color:inherit;font-size:inherit;line-height:inherit}.elementor-widget-heading .elementor-heading-title.elementor-size-small{font-size:15px}.elementor-widget-heading .elementor-heading-title.elementor-size-medium{font-size:19px}.elementor-widget-heading .elementor-heading-title.elementor-size-large{font-size:29px}.elementor-widget-heading .elementor-heading-title.elementor-size-xl{font-size:39px}.elementor-widget-heading .elementor-heading-title.elementor-size-xxl{font-size:59px}<\/style><h2 class=\"elementor-heading-title elementor-size-default\">Leistungen<\/h2>\t\t<\/div>\n\t\t\t\t<\/div>\n\t\t\t\t<\/div>\n\t\t<div class=\"elementor-element elementor-element-6a2a76b e-flex e-con-boxed e-con e-parent\" data-id=\"6a2a76b\" data-element_type=\"container\">\n\t\t\t\t\t<div class=\"e-con-inner\">\n\t\t\t\t<div class=\"elementor-element elementor-element-a7203b6 elementor-widget elementor-widget-spacer\" data-id=\"a7203b6\" data-element_type=\"widget\" data-widget_type=\"spacer.default\">\n\t\t\t\t<div class=\"elementor-widget-container\">\n\t\t\t<style>\/*! elementor - v3.22.0 - 17-06-2024 *\/\n.elementor-column .elementor-spacer-inner{height:var(--spacer-size)}.e-con{--container-widget-width:100%}.e-con-inner>.elementor-widget-spacer,.e-con>.elementor-widget-spacer{width:var(--container-widget-width,var(--spacer-size));--align-self:var(--container-widget-align-self,initial);--flex-shrink:0}.e-con-inner>.elementor-widget-spacer>.elementor-widget-container,.e-con>.elementor-widget-spacer>.elementor-widget-container{height:100%;width:100%}.e-con-inner>.elementor-widget-spacer>.elementor-widget-container>.elementor-spacer,.e-con>.elementor-widget-spacer>.elementor-widget-container>.elementor-spacer{height:100%}.e-con-inner>.elementor-widget-spacer>.elementor-widget-container>.elementor-spacer>.elementor-spacer-inner,.e-con>.elementor-widget-spacer>.elementor-widget-container>.elementor-spacer>.elementor-spacer-inner{height:var(--container-widget-height,var(--spacer-size))}.e-con-inner>.elementor-widget-spacer.elementor-widget-empty,.e-con>.elementor-widget-spacer.elementor-widget-empty{position:relative;min-height:22px;min-width:22px}.e-con-inner>.elementor-widget-spacer.elementor-widget-empty .elementor-widget-empty-icon,.e-con>.elementor-widget-spacer.elementor-widget-empty .elementor-widget-empty-icon{position:absolute;top:0;bottom:0;left:0;right:0;margin:auto;padding:0;width:22px;height:22px}<\/style>\t\t<div class=\"elementor-spacer\">\n\t\t\t<div class=\"elementor-spacer-inner\"><\/div>\n\t\t<\/div>\n\t\t\t\t<\/div>\n\t\t\t\t<\/div>\n\t\t<div class=\"elementor-element elementor-element-ea2fbf2 e-con-full e-flex e-con e-child\" data-id=\"ea2fbf2\" data-element_type=\"container\">\n\t\t\t\t<div class=\"elementor-element elementor-element-010597e elementor-widget elementor-widget-heading\" data-id=\"010597e\" data-element_type=\"widget\" data-widget_type=\"heading.default\">\n\t\t\t\t<div class=\"elementor-widget-container\">\n\t\t\t<h4 class=\"elementor-heading-title elementor-size-default\">Ganzheitliche Betreuung w\u00e4hrend der Schwangerschaft, dem Wochenbett und nach der Entbindung<\/h4>\t\t<\/div>\n\t\t\t\t<\/div>\n\t\t\t\t<\/div>\n\t\t\t\t<div class=\"elementor-element elementor-element-db0e251 elementor-widget elementor-widget-spacer\" data-id=\"db0e251\" data-element_type=\"widget\" data-widget_type=\"spacer.default\">\n\t\t\t\t<div class=\"elementor-widget-container\">\n\t\t\t\t\t<div class=\"elementor-spacer\">\n\t\t\t<div class=\"elementor-spacer-inner\"><\/div>\n\t\t<\/div>\n\t\t\t\t<\/div>\n\t\t\t\t<\/div>\n\t\t\t\t\t<\/div>\n\t\t\t\t<\/div>\n\t\t<div class=\"elementor-element elementor-element-ec45dc3 e-flex e-con-boxed e-con e-parent\" data-id=\"ec45dc3\" data-element_type=\"container\">\n\t\t\t\t\t<div class=\"e-con-inner\">\n\t\t<div class=\"elementor-element elementor-element-9d589da e-con-full e-flex e-con e-child\" data-id=\"9d589da\" data-element_type=\"container\">\n\t\t\t\t<div class=\"elementor-element elementor-element-a6cd856 elementor-widget elementor-widget-image\" data-id=\"a6cd856\" data-element_type=\"widget\" data-widget_type=\"image.default\">\n\t\t\t\t<div class=\"elementor-widget-container\">\n\t\t\t<style>\/*! elementor - v3.22.0 - 17-06-2024 *\/\n.elementor-widget-image{text-align:center}.elementor-widget-image a{display:inline-block}.elementor-widget-image a img[src$=\".svg\"]{width:48px}.elementor-widget-image img{vertical-align:middle;display:inline-block}<\/style>\t\t\t\t\t\t\t\t\t\t<img decoding=\"async\" src=\"https:\/\/stage.muetterpflegerin-schwerin.de\/wp-content\/uploads\/elementor\/thumbs\/heart-qq86y1rp15c0kn1grrunxnlallylivc29wwwji4432.png\" title=\"heart\" alt=\"heart\" loading=\"lazy\" \/>\t\t\t\t\t\t\t\t\t\t\t\t\t<\/div>\n\t\t\t\t<\/div>\n\t\t\t\t<div class=\"elementor-element elementor-element-02d6b0b elementor-widget elementor-widget-heading\" data-id=\"02d6b0b\" data-element_type=\"widget\" data-widget_type=\"heading.default\">\n\t\t\t\t<div class=\"elementor-widget-container\">\n\t\t\t<h4 class=\"elementor-heading-title elementor-size-default\">Unterst\u00fctzung im Haushalt<\/h4>\t\t<\/div>\n\t\t\t\t<\/div>\n\t\t\t\t<div class=\"elementor-element elementor-element-cc40c2b elementor-widget elementor-widget-text-editor\" data-id=\"cc40c2b\" data-element_type=\"widget\" data-widget_type=\"text-editor.default\">\n\t\t\t\t<div class=\"elementor-widget-container\">\n\t\t\t<style>\/*! elementor - v3.22.0 - 17-06-2024 *\/\n.elementor-widget-text-editor.elementor-drop-cap-view-stacked .elementor-drop-cap{background-color:#69727d;color:#fff}.elementor-widget-text-editor.elementor-drop-cap-view-framed .elementor-drop-cap{color:#69727d;border:3px solid;background-color:transparent}.elementor-widget-text-editor:not(.elementor-drop-cap-view-default) .elementor-drop-cap{margin-top:8px}.elementor-widget-text-editor:not(.elementor-drop-cap-view-default) .elementor-drop-cap-letter{width:1em;height:1em}.elementor-widget-text-editor .elementor-drop-cap{float:left;text-align:center;line-height:1;font-size:50px}.elementor-widget-text-editor .elementor-drop-cap-letter{display:inline-block}<\/style>\t\t\t\t<ul>\n<li>Erledigung von Haushaltsaufgaben wie Kochen, Putzen und W\u00e4sche waschen, damit du dich auf dein Baby konzentrieren kannst.<\/li>\n<li>Eink\u00e4ufe und Besorgungen erledigen, um dir den Alltag zu erleichtern.<\/li>\n<\/ul>\t\t\t\t\t\t<\/div>\n\t\t\t\t<\/div>\n\t\t\t\t<\/div>\n\t\t<div class=\"elementor-element elementor-element-a5a6a72 e-con-full e-flex e-con e-child\" data-id=\"a5a6a72\" data-element_type=\"container\">\n\t\t\t\t<div class=\"elementor-element elementor-element-9b2f530 elementor-widget elementor-widget-image\" data-id=\"9b2f530\" data-element_type=\"widget\" data-widget_type=\"image.default\">\n\t\t\t\t<div class=\"elementor-widget-container\">\n\t\t\t\t\t\t\t\t\t\t\t\t\t<img decoding=\"async\" src=\"https:\/\/stage.muetterpflegerin-schwerin.de\/wp-content\/uploads\/elementor\/thumbs\/heart-qq86y1rp15c0kn1grrunxnlallylivc29wwwji4432.png\" title=\"heart\" alt=\"heart\" loading=\"lazy\" \/>\t\t\t\t\t\t\t\t\t\t\t\t\t<\/div>\n\t\t\t\t<\/div>\n\t\t\t\t<div class=\"elementor-element elementor-element-1c6e29b elementor-widget elementor-widget-heading\" data-id=\"1c6e29b\" data-element_type=\"widget\" data-widget_type=\"heading.default\">\n\t\t\t\t<div class=\"elementor-widget-container\">\n\t\t\t<h4 class=\"elementor-heading-title elementor-size-default\">Betreuung und Pflege deines Babys<\/h4>\t\t<\/div>\n\t\t\t\t<\/div>\n\t\t\t\t<div class=\"elementor-element elementor-element-a8a1560 elementor-widget elementor-widget-text-editor\" data-id=\"a8a1560\" data-element_type=\"widget\" data-widget_type=\"text-editor.default\">\n\t\t\t\t<div class=\"elementor-widget-container\">\n\t\t\t\t\t\t\t<ul>\n<li>Hilfe beim F\u00fcttern, Wickeln und Baden des Neugeborenen.<\/li>\n<li>Betreuung des Babys, damit du dich ausruhen oder wichtige Dinge erledigen kannst.<\/li>\n<\/ul>\t\t\t\t\t\t<\/div>\n\t\t\t\t<\/div>\n\t\t\t\t<\/div>\n\t\t<div class=\"elementor-element elementor-element-da3d975 e-con-full e-flex e-con e-child\" data-id=\"da3d975\" data-element_type=\"container\">\n\t\t\t\t<div class=\"elementor-element elementor-element-e877980 elementor-widget elementor-widget-image\" data-id=\"e877980\" data-element_type=\"widget\" data-widget_type=\"image.default\">\n\t\t\t\t<div class=\"elementor-widget-container\">\n\t\t\t\t\t\t\t\t\t\t\t\t\t<img decoding=\"async\" src=\"https:\/\/stage.muetterpflegerin-schwerin.de\/wp-content\/uploads\/elementor\/thumbs\/heart-qq86y1rp15c0kn1grrunxnlallylivc29wwwji4432.png\" title=\"heart\" alt=\"heart\" loading=\"lazy\" \/>\t\t\t\t\t\t\t\t\t\t\t\t\t<\/div>\n\t\t\t\t<\/div>\n\t\t\t\t<div class=\"elementor-element elementor-element-5f26965 elementor-widget elementor-widget-heading\" data-id=\"5f26965\" data-element_type=\"widget\" data-widget_type=\"heading.default\">\n\t\t\t\t<div class=\"elementor-widget-container\">\n\t\t\t<h4 class=\"elementor-heading-title elementor-size-default\">Beratung und Unterst\u00fctzung<\/h4>\t\t<\/div>\n\t\t\t\t<\/div>\n\t\t\t\t<div class=\"elementor-element elementor-element-01d6e12 elementor-widget elementor-widget-text-editor\" data-id=\"01d6e12\" data-element_type=\"widget\" data-widget_type=\"text-editor.default\">\n\t\t\t\t<div class=\"elementor-widget-container\">\n\t\t\t\t\t\t\t<ul>\n<li>Stillberatung und Unterst\u00fctzung bei Ern\u00e4hrungsfragen.<\/li>\n<li>Beratung zu S\u00e4uglingspflege und -entwicklung.<\/li>\n<li>Tipps und Ratschl\u00e4ge f\u00fcr den Alltag mit einem Neugeborenen.<\/li>\n<\/ul>\t\t\t\t\t\t<\/div>\n\t\t\t\t<\/div>\n\t\t\t\t<\/div>\n\t\t\t\t\t<\/div>\n\t\t\t\t<\/div>\n\t\t<div class=\"elementor-element elementor-element-e7b7649 e-flex e-con-boxed e-con e-parent\" data-id=\"e7b7649\" data-element_type=\"container\">\n\t\t\t\t\t<div class=\"e-con-inner\">\n\t\t<div class=\"elementor-element elementor-element-4fc44ec e-con-full e-flex e-con e-child\" data-id=\"4fc44ec\" data-element_type=\"container\">\n\t\t\t\t<div class=\"elementor-element elementor-element-988e746 elementor-widget elementor-widget-image\" data-id=\"988e746\" data-element_type=\"widget\" data-widget_type=\"image.default\">\n\t\t\t\t<div class=\"elementor-widget-container\">\n\t\t\t\t\t\t\t\t\t\t\t\t\t<img decoding=\"async\" src=\"https:\/\/stage.muetterpflegerin-schwerin.de\/wp-content\/uploads\/elementor\/thumbs\/heart-qq86y1rp15c0kn1grrunxnlallylivc29wwwji4432.png\" title=\"heart\" alt=\"heart\" loading=\"lazy\" \/>\t\t\t\t\t\t\t\t\t\t\t\t\t<\/div>\n\t\t\t\t<\/div>\n\t\t\t\t<div class=\"elementor-element elementor-element-6b40e17 elementor-widget elementor-widget-heading\" data-id=\"6b40e17\" data-element_type=\"widget\" data-widget_type=\"heading.default\">\n\t\t\t\t<div class=\"elementor-widget-container\">\n\t\t\t<h4 class=\"elementor-heading-title elementor-size-default\">Emotionale Unterst\u00fctzung<\/h4>\t\t<\/div>\n\t\t\t\t<\/div>\n\t\t\t\t<div class=\"elementor-element elementor-element-384bf39 elementor-widget elementor-widget-text-editor\" data-id=\"384bf39\" data-element_type=\"widget\" data-widget_type=\"text-editor.default\">\n\t\t\t\t<div class=\"elementor-widget-container\">\n\t\t\t\t\t\t\t<ul>\n<li>Ein offenes Ohr f\u00fcr deine Sorgen und \u00c4ngste.<\/li>\n<li>Unterst\u00fctzung bei der Bew\u00e4ltigung von Ersch\u00f6pfung und Stress.<\/li>\n<li>St\u00e4rkung des Selbstvertrauens in deine Rolle als Mutter.<\/li>\n<\/ul>\t\t\t\t\t\t<\/div>\n\t\t\t\t<\/div>\n\t\t\t\t<\/div>\n\t\t<div class=\"elementor-element elementor-element-db1b331 e-con-full e-flex e-con e-child\" data-id=\"db1b331\" data-element_type=\"container\">\n\t\t\t\t<div class=\"elementor-element elementor-element-ebfcc61 elementor-widget elementor-widget-image\" data-id=\"ebfcc61\" data-element_type=\"widget\" data-widget_type=\"image.default\">\n\t\t\t\t<div class=\"elementor-widget-container\">\n\t\t\t\t\t\t\t\t\t\t\t\t\t<img decoding=\"async\" src=\"https:\/\/stage.muetterpflegerin-schwerin.de\/wp-content\/uploads\/elementor\/thumbs\/heart-qq86y1rp15c0kn1grrunxnlallylivc29wwwji4432.png\" title=\"heart\" alt=\"heart\" loading=\"lazy\" \/>\t\t\t\t\t\t\t\t\t\t\t\t\t<\/div>\n\t\t\t\t<\/div>\n\t\t\t\t<div class=\"elementor-element elementor-element-45c9d8e elementor-widget elementor-widget-heading\" data-id=\"45c9d8e\" data-element_type=\"widget\" data-widget_type=\"heading.default\">\n\t\t\t\t<div class=\"elementor-widget-container\">\n\t\t\t<h4 class=\"elementor-heading-title elementor-size-default\">Unterst\u00fctzung f\u00fcr V\u00e4ter und werdende Eltern<\/h4>\t\t<\/div>\n\t\t\t\t<\/div>\n\t\t\t\t<div class=\"elementor-element elementor-element-97d80c7 elementor-widget elementor-widget-text-editor\" data-id=\"97d80c7\" data-element_type=\"widget\" data-widget_type=\"text-editor.default\">\n\t\t\t\t<div class=\"elementor-widget-container\">\n\t\t\t\t\t\t\t<ul>\n<li>Beratung und Vorbereitung auf die Geburt und das Leben mit dem Baby.<\/li>\n<li>Unterst\u00fctzung f\u00fcr V\u00e4ter, um ihnen zu helfen, ihre neue Rolle zu meistern.<\/li>\n<li>Informationen und Tipps zur gemeinsamen Elternschaft.<\/li>\n<\/ul>\t\t\t\t\t\t<\/div>\n\t\t\t\t<\/div>\n\t\t\t\t<\/div>\n\t\t<div class=\"elementor-element elementor-element-4a2ee13 e-con-full e-flex e-con e-child\" data-id=\"4a2ee13\" data-element_type=\"container\">\n\t\t\t\t<div class=\"elementor-element elementor-element-d5e1ac1 elementor-widget elementor-widget-image\" data-id=\"d5e1ac1\" data-element_type=\"widget\" data-widget_type=\"image.default\">\n\t\t\t\t<div class=\"elementor-widget-container\">\n\t\t\t\t\t\t\t\t\t\t\t\t\t<img decoding=\"async\" src=\"https:\/\/stage.muetterpflegerin-schwerin.de\/wp-content\/uploads\/elementor\/thumbs\/heart-qq86y1rp15c0kn1grrunxnlallylivc29wwwji4432.png\" title=\"heart\" alt=\"heart\" loading=\"lazy\" \/>\t\t\t\t\t\t\t\t\t\t\t\t\t<\/div>\n\t\t\t\t<\/div>\n\t\t\t\t<div class=\"elementor-element elementor-element-edeff8e elementor-widget elementor-widget-heading\" data-id=\"edeff8e\" data-element_type=\"widget\" data-widget_type=\"heading.default\">\n\t\t\t\t<div class=\"elementor-widget-container\">\n\t\t\t<h4 class=\"elementor-heading-title elementor-size-default\">Betreuung \u00e4lterer Geschwister<\/h4>\t\t<\/div>\n\t\t\t\t<\/div>\n\t\t\t\t<div class=\"elementor-element elementor-element-0200507 elementor-widget elementor-widget-text-editor\" data-id=\"0200507\" data-element_type=\"widget\" data-widget_type=\"text-editor.default\">\n\t\t\t\t<div class=\"elementor-widget-container\">\n\t\t\t\t\t\t\t<ul>\n<li>Betreuung und Besch\u00e4ftigung \u00e4lterer Kinder, damit du dich auf das Baby konzentrieren kannst.<\/li>\n<\/ul>\t\t\t\t\t\t<\/div>\n\t\t\t\t<\/div>\n\t\t\t\t<\/div>\n\t\t\t\t\t<\/div>\n\t\t\t\t<\/div>\n\t\t<div class=\"elementor-element elementor-element-f87064d e-flex e-con-boxed e-con e-parent\" data-id=\"f87064d\" data-element_type=\"container\">\n\t\t\t\t\t<div class=\"e-con-inner\">\n\t\t<div class=\"elementor-element elementor-element-08316b9 e-con-full e-flex e-con e-child\" data-id=\"08316b9\" data-element_type=\"container\">\n\t\t\t\t<div class=\"elementor-element elementor-element-d815bc5 elementor-widget elementor-widget-image\" data-id=\"d815bc5\" data-element_type=\"widget\" data-widget_type=\"image.default\">\n\t\t\t\t<div class=\"elementor-widget-container\">\n\t\t\t\t\t\t\t\t\t\t\t\t\t<img decoding=\"async\" src=\"https:\/\/stage.muetterpflegerin-schwerin.de\/wp-content\/uploads\/elementor\/thumbs\/heart-qq86y1rp15c0kn1grrunxnlallylivc29wwwji4432.png\" title=\"heart\" alt=\"heart\" loading=\"lazy\" \/>\t\t\t\t\t\t\t\t\t\t\t\t\t<\/div>\n\t\t\t\t<\/div>\n\t\t\t\t<div class=\"elementor-element elementor-element-9bccba9 elementor-widget elementor-widget-heading\" data-id=\"9bccba9\" data-element_type=\"widget\" data-widget_type=\"heading.default\">\n\t\t\t\t<div class=\"elementor-widget-container\">\n\t\t\t<h4 class=\"elementor-heading-title elementor-size-default\">Unterst\u00fctzung bei Beh\u00f6rdeng\u00e4ngen und Papierkram<\/h4>\t\t<\/div>\n\t\t\t\t<\/div>\n\t\t\t\t<div class=\"elementor-element elementor-element-e83ffd5 elementor-widget elementor-widget-text-editor\" data-id=\"e83ffd5\" data-element_type=\"widget\" data-widget_type=\"text-editor.default\">\n\t\t\t\t<div class=\"elementor-widget-container\">\n\t\t\t\t\t\t\t<ul>\n<li>Hilfe bei der Beantragung von Elterngeld, Kindergeld und anderen wichtigen Formalit\u00e4ten.<\/li>\n<\/ul>\t\t\t\t\t\t<\/div>\n\t\t\t\t<\/div>\n\t\t\t\t<\/div>\n\t\t<div class=\"elementor-element elementor-element-473e9e6 e-con-full e-flex e-con e-child\" data-id=\"473e9e6\" data-element_type=\"container\">\n\t\t\t\t<div class=\"elementor-element elementor-element-e618f69 elementor-widget elementor-widget-image\" data-id=\"e618f69\" data-element_type=\"widget\" data-widget_type=\"image.default\">\n\t\t\t\t<div class=\"elementor-widget-container\">\n\t\t\t\t\t\t\t\t\t\t\t\t\t<img decoding=\"async\" src=\"https:\/\/stage.muetterpflegerin-schwerin.de\/wp-content\/uploads\/elementor\/thumbs\/heart-qq86y1rp15c0kn1grrunxnlallylivc29wwwji4432.png\" title=\"heart\" alt=\"heart\" loading=\"lazy\" \/>\t\t\t\t\t\t\t\t\t\t\t\t\t<\/div>\n\t\t\t\t<\/div>\n\t\t\t\t<div class=\"elementor-element elementor-element-ed55509 elementor-widget elementor-widget-heading\" data-id=\"ed55509\" data-element_type=\"widget\" data-widget_type=\"heading.default\">\n\t\t\t\t<div class=\"elementor-widget-container\">\n\t\t\t<h4 class=\"elementor-heading-title elementor-size-default\">Entspannung f\u00fcr die Mutter<\/h4>\t\t<\/div>\n\t\t\t\t<\/div>\n\t\t\t\t<div class=\"elementor-element elementor-element-592006a elementor-widget elementor-widget-text-editor\" data-id=\"592006a\" data-element_type=\"widget\" data-widget_type=\"text-editor.default\">\n\t\t\t\t<div class=\"elementor-widget-container\">\n\t\t\t\t\t\t\t<ul>\n<li>Angebote zur Entspannung wie Massagen, Atem\u00fcbungen und Entspannungstechniken.<\/li>\n<li>Unterst\u00fctzung bei der Organisation von Auszeiten, damit du dir Erholung und Ruhe g\u00f6nnen kannst.<\/li>\n<li>Tipps und \u00dcbungen zur Stressbew\u00e4ltigung und zum Wohlbefinden in der Postpartum-Phase.<\/li>\n<\/ul>\t\t\t\t\t\t<\/div>\n\t\t\t\t<\/div>\n\t\t\t\t<\/div>\n\t\t\t\t\t<\/div>\n\t\t\t\t<\/div>\n\t\t<div class=\"elementor-element elementor-element-2309606 e-flex e-con-boxed e-con e-parent\" data-id=\"2309606\" data-element_type=\"container\">\n\t\t\t\t\t<div class=\"e-con-inner\">\n\t\t\t\t<div class=\"elementor-element elementor-element-8d23895 elementor-widget elementor-widget-spacer\" data-id=\"8d23895\" data-element_type=\"widget\" data-widget_type=\"spacer.default\">\n\t\t\t\t<div class=\"elementor-widget-container\">\n\t\t\t\t\t<div class=\"elementor-spacer\">\n\t\t\t<div class=\"elementor-spacer-inner\"><\/div>\n\t\t<\/div>\n\t\t\t\t<\/div>\n\t\t\t\t<\/div>\n\t\t\t\t\t<\/div>\n\t\t\t\t<\/div>\n\t\t\t\t<\/div>\n\t\t","protected":false},"excerpt":{"rendered":"<p>Leistungen Ganzheitliche Betreuung w\u00e4hrend der Schwangerschaft, dem Wochenbett und nach der Entbindung Unterst\u00fctzung im Haushalt Erledigung von Haushaltsaufgaben wie Kochen, Putzen und W\u00e4sche waschen, damit du dich auf dein Baby konzentrieren kannst. Eink\u00e4ufe und Besorgungen erledigen, um dir den Alltag zu erleichtern. Betreuung und Pflege deines Babys Hilfe beim F\u00fcttern, Wickeln und Baden des Neugeborenen. [&hellip;]<\/p>\n","protected":false},"author":1,"featured_media":0,"parent":0,"menu_order":0,"comment_status":"closed","ping_status":"closed","template":"","meta":{"footnotes":""},"jetpack_sharing_enabled":true,"_links":{"self":[{"href":"https:\/\/stage.muetterpflegerin-schwerin.de\/index.php?rest_route=\/wp\/v2\/pages\/182"}],"collection":[{"href":"https:\/\/stage.muetterpflegerin-schwerin.de\/index.php?rest_route=\/wp\/v2\/pages"}],"about":[{"href":"https:\/\/stage.muetterpflegerin-schwerin.de\/index.php?rest_route=\/wp\/v2\/types\/page"}],"author":[{"embeddable":true,"href":"https:\/\/stage.muetterpflegerin-schwerin.de\/index.php?rest_route=\/wp\/v2\/users\/1"}],"replies":[{"embeddable":true,"href":"https:\/\/stage.muetterpflegerin-schwerin.de\/index.php?rest_route=%2Fwp%2Fv2%2Fcomments&post=182"}],"version-history":[{"count":33,"href":"https:\/\/stage.muetterpflegerin-schwerin.de\/index.php?rest_route=\/wp\/v2\/pages\/182\/revisions"}],"predecessor-version":[{"id":565,"href":"https:\/\/stage.muetterpflegerin-schwerin.de\/index.php?rest_route=\/wp\/v2\/pages\/182\/revisions\/565"}],"wp:attachment":[{"href":"https:\/\/stage.muetterpflegerin-schwerin.de\/index.php?rest_route=%2Fwp%2Fv2%2Fmedia&parent=182"}],"curies":[{"name":"wp","href":"https:\/\/api.w.org\/{rel}","templated":true}]}}